s the greatest common divisor of 122 and 139019?
61
Calculate the highest common divisor of 34706 and 42.
14
Calculate the highest common factor of 768 and 484956.
12
What is the greatest common divisor of 17 and 3707377?
17
Calculate the highest common divisor of 114606 and 54.
18
Calculate the greatest common factor of 100 and 100575.
25
Calculate the greatest common factor of 1416 and 42.
6
What is the highest common factor of 1945092 and 84?
12
Calculate the highest common factor of 360 and 1035.
45
Calculate the greatest common divisor of 1687 and 497.
7
Calculate the greatest common factor of 5709 and 462.
33
Calculate the greatest common factor of 72 and 632616.
24
What is the highest common divisor of 28563 and 6?
3
Calculate the highest common divisor of 5834 and 17.
1
What is the greatest common divisor of 24602028 and 132?
132
What is the highest common factor of 9844133 and 13?
13
Calculate the greatest common factor of 1225 and 8715.
35
What is the greatest common factor of 30956 and 1962?
218
What is the highest common factor of 2092 and 440?
4
Calculate the highest common factor of 13054 and 4601.
107
Calculate the greatest common factor of 115 and 1280387.
23
Calculate the highest common divisor of 2168356 and 76.
76
What is the greatest common divisor of 247485 and 420?
105
Calculate the greatest common factor of 35 and 15960.
35
What is the greatest common factor of 127432 and 680?
136
Calculate the highest common divisor of 284244 and 60.
12
What is the greatest common factor of 1364 and 154?
22
What is the highest common divisor of 87171 and 42?
21
Calculate the highest common divisor of 1492776 and 216.
216
What is the greatest common divisor of 858384 and 432?
432
What is the highest common factor of 28 and 97090?
14
What is the highest common factor of 27 and 5409?
9
Calculate the greatest common factor of 819 and 57148.
91
Calculate the greatest common factor of 1550740 and 85.
85
Calculate the highest common factor of 856 and 348178.
214
Calculate the greatest common divisor of 370 and 99604.
74
What is the greatest common factor of 68 and 35870?
34
What is the greatest common factor of 70 and 49660?
10
Calculate the highest common divisor of 13912 and 32.
8
Calculate the greatest common factor of 2140 and 657515.
535
Calculate the greatest common divisor of 1157589 and 81.
9
Calculate the greatest common factor of 207479 and 3.
1
Calculate the greatest common divisor of 2265916 and 2536.
1268
What is the highest common divisor of 33474 and 609?
21
What is the highest common divisor of 880 and 2065360?
880
What is the highest common divisor of 58404 and 2356?
124
Calculate the greatest common divisor of 14535 and 17385.
285
What is the greatest common factor of 75 and 215575?
25
Calculate the greatest common divisor of 444 and 570836.
148
Calculate the highest common divisor of 1280 and 3648.
64
What is the greatest common factor of 126016 and 2112?
704
Calculate the highest common divisor of 121 and 30283.
11
What is the greatest common divisor of 6776 and 25256?
616
What is the highest common factor of 800 and 26?
2
What is the highest common factor of 8183 and 7515?
167
What is the greatest common factor of 178 and 793346?
178
What is the greatest common factor of 58887 and 486?
81
Calculate the greatest common divisor of 6 and 3593046.
6
Calculate the highest common divisor of 319 and 40073.
11
What is the highest common divisor of 8613 and 53163?
297
What is the highest common factor of 12012 and 126?
42
What is the highest common factor of 63656 and 11336?
872
What is the highest common divisor of 1508 and 14612?
52
Calculate the highest common divisor of 19035 and 1890.
135
Calculate the greatest common factor of 186 and 606453.
93
What is the greatest common factor of 34640 and 110?
10
What is the greatest common factor of 22160 and 4?
4
What is the greatest common divisor of 137200 and 25?
25
What is the highest common divisor of 221226 and 48?
6
What is the highest common divisor of 112 and 91084?
28
Calculate the greatest common factor of 16208 and 2056.
8
What is the highest common factor of 48 and 80568?
24
Calculate the highest common divisor of 28506 and 12.
6
Calculate the highest common factor of 690 and 2849700.
690
Calculate the highest common divisor of 94357 and 1099.
157
What is the highest common divisor of 702 and 1161810?
702
What is the greatest common factor of 139 and 328?
1
What is the greatest common factor of 85 and 1120028?
17
Calculate the highest common divisor of 57702 and 59.
59
Calculate the highest common divisor of 31858 and 102.
34
What is the highest common divisor of 6372 and 243?
27
Calculate the highest common divisor of 7216 and 968.
88
What is the highest common divisor of 10642 and 34?
34
Calculate the greatest common factor of 4740 and 1760.
20
What is the greatest common divisor of 320 and 157496?
8
What is the greatest common divisor of 64629 and 30186?
387
Calculate the greatest common factor of 2718 and 756.
18
Calculate the greatest common factor of 297627 and 870.
87
What is the greatest common divisor of 129033 and 2301?
177
Calculate the greatest common divisor of 902220 and 132.
132
Calculate the highest common divisor of 21343 and 84.
7
Calculate the highest common divisor of 40 and 138365.
5
Calculate the greatest common factor of 6 and 38334.
6
What is the highest common factor of 426 and 724342?
142
Calculate the highest common factor of 297 and 56793.
33
Calculate the highest common factor of 1730 and 220.
10
Calculate the highest common divisor of 255 and 435829.
17
Calculate the highest common factor of 1106 and 1240379.
553
What is the greatest common divisor of 3745362 and 222?
222
Calculate the greatest common divisor of 4 and 10666.
2
What is the greatest common factor of 2470 and 70?
10
What is the greatest common divisor of 5 and 1128900?
5
What is the greatest common factor of 1 and 2143?
1
What is the highest common divisor of 68348 and 7000?
28
What is the highest common factor of 5963 and 1072?
67
Calculate the highest common divisor of 28500 and 1350.
150
What is the greatest common factor of 1628 and 4074884?
1628
What is the highest common factor of 8 and 27053?
1
Calculate the highest common factor of 1388 and 16.
4
Calculate the greatest common factor of 242 and 278542.
242
Calculate the greatest common factor of 411 and 4414140.
411
Calculate the greatest common factor of 2280 and 3344.
152
Calculate the greatest common divisor of 6310067 and 191.
191
What is the highest common factor of 2171 and 104?
13
What is the greatest common factor of 7570422 and 972?
486
What is the greatest common factor of 40290 and 2720?
170
Calculate the highest common divisor of 5780 and 185980.
340
Calculate the highest common divisor of 2341170 and 598.
598
Calculate the greatest common divisor of 15371 and 6472.
809
Calculate the highest common factor of 10191 and 19197.
237
What is the greatest common divisor of 1359 and 192827?
151
What is the greatest common divisor of 205 and 545?
5
Calculate the highest common divisor of 698793 and 387.
129
Calculate the greatest common factor of 29051 and 247.
19
Calculate the highest common factor of 1107 and 1148.
41
What is the highest common divisor of 132 and 700788?
132
What is the highest common factor of 30 and 168195?
15
Calculate the highest common divisor of 261689 and 6268.
1567
What is the greatest common divisor of 23836 and 73160?
236
What is the greatest common factor of 12 and 4575876?
12
What is the highest common factor of 2502 and 8951322?
834
What is the greatest common factor of 277394 and 611?
611
What is the highest common factor of 24681 and 6?
3
Calculate the highest common divisor of 164 and 2876150.
82
Calculate the highest common divisor of 15953 and 13545.
301
Calculate the greatest common divisor of 2560 and 114880.
320
What is the greatest common divisor of 46 and 302749?
23
What is the greatest common factor of 32 and 791732?
4
Calculate the greatest common divisor of 192 and 85088.
32
What is the highest common divisor of 2294 and 806?
62
What is the highest common divisor of 479529 and 63?
9
Calculate the highest common divisor of 728 and 26572.
364
What is the greatest common fa